{"id":251,"date":"2024-08-02T16:53:22","date_gmt":"2024-08-02T16:53:22","guid":{"rendered":"https:\/\/minieradoro.ch\/?page_id=251"},"modified":"2025-01-10T13:46:14","modified_gmt":"2025-01-10T13:46:14","slug":"chi-siamo","status":"publish","type":"page","link":"https:\/\/minieradoro.ch\/en\/chi-siamo\/","title":{"rendered":"Chi siamo"},"content":{"rendered":"\t\t<div data-elementor-type=\"wp-page\" data-elementor-id=\"251\" class=\"elementor elementor-251\">\n\t\t\t\t<div class=\"elementor-element elementor-element-749a4796 e-con-full e-flex wpr-particle-no wpr-jarallax-no wpr-parallax-no wpr-sticky-section-no wpr-equal-height-no e-con e-parent\" data-id=\"749a4796\" data-element_type=\"container\" data-e-type=\"container\" data-settings=\"{&quot;background_background&quot;:&quot;classic&quot;}\">\n\t\t<div class=\"elementor-element elementor-element-21020328 e-flex e-con-boxed wpr-particle-no wpr-jarallax-no wpr-parallax-no wpr-sticky-section-no wpr-equal-height-no e-con e-child\" data-id=\"21020328\" data-element_type=\"container\" data-e-type=\"container\">\n\t\t\t\t\t<div class=\"e-con-inner\">\n\t\t\t\t<div class=\"elementor-element elementor-element-3cfb610b elementor-widget elementor-widget-heading\" data-id=\"3cfb610b\" data-element_type=\"widget\" data-e-type=\"widget\" data-widget_type=\"heading.default\">\n\t\t\t\t<div class=\"elementor-widget-container\">\n\t\t\t\t\t<h1 class=\"elementor-heading-title elementor-size-default\">About us<\/h1>\t\t\t\t<\/div>\n\t\t\t\t<\/div>\n\t\t\t\t\t<\/div>\n\t\t\t\t<\/div>\n\t\t\t\t<\/div>\n\t\t<div class=\"elementor-element elementor-element-2cdd9477 e-con-full e-flex wpr-particle-no wpr-jarallax-no wpr-parallax-no wpr-sticky-section-no wpr-equal-height-no e-con e-parent\" data-id=\"2cdd9477\" data-element_type=\"container\" data-e-type=\"container\" data-settings=\"{&quot;background_background&quot;:&quot;classic&quot;}\">\n\t\t<div class=\"elementor-element elementor-element-590ab2e1 e-con-full e-flex wpr-particle-no wpr-jarallax-no wpr-parallax-no wpr-sticky-section-no wpr-equal-height-no e-con e-child\" data-id=\"590ab2e1\" data-element_type=\"container\" data-e-type=\"container\">\n\t\t\t\t<div class=\"elementor-element elementor-element-41316fa2 elementor-widget-tablet__width-initial elementor-widget elementor-widget-text-editor\" data-id=\"41316fa2\" data-element_type=\"widget\" data-e-type=\"widget\" data-widget_type=\"text-editor.default\">\n\t\t\t\t<div class=\"elementor-widget-container\">\n\t\t\t\t\t\t\t\t\t<h2>Gold Mine La Costa<\/h2><p>Thanks to the Acqua Fregia Association, it was possible in 2016 to start work on the recovery of the La Costa Gold Mine.<\/p><p>The association&#8217;s activities were supported by the municipalities of Sessa and Monteggio; there were also collaborations with the Fondazione Malcantone and other associations active in the municipality (Piccolo Museo di Sessa). A large number of volunteers worked hard to first secure the initial collapsed section, to secure the state of the rock and the obstructed access to the lower shafts, not to forget the connection to the power line.<\/p><p>On 5 May 2017, the Minera d&#8217;oro di Sessa Association was founded, as the specificity and complexity of the challenge required the establishment of a new official entity, which could advance the project in a professional manner, so as to complete the activities necessary for opening and coordinating management.<\/p><p>Since 29 April 2018, the day of the opening, the mine has been open to the public and a large group of local volunteer guides, specially trained by the association, has been in charge of managing the visits.<\/p><p>Over the course of these years, the association&#8217;s committee has been active in making visits to the various tunnels more and more attractive and, with enormous efforts, thanks to the work of several volunteers, has allowed the opening of two more tunnels (Cunicolo Trudi and Cunicolo della Rala)<\/p>\t\t\t\t\t\t\t\t<\/div>\n\t\t\t\t<\/div>\n\t\t\t\t<\/div>\n\t\t<div class=\"elementor-element elementor-element-13fef07f e-con-full e-flex wpr-particle-no wpr-jarallax-no wpr-parallax-no wpr-sticky-section-no wpr-equal-height-no e-con e-child\" data-id=\"13fef07f\" data-element_type=\"container\" data-e-type=\"container\" data-settings=\"{&quot;background_background&quot;:&quot;classic&quot;}\">\n\t\t\t\t<div class=\"elementor-element elementor-element-64b9811 elementor-widget elementor-widget-image\" data-id=\"64b9811\" data-element_type=\"widget\" data-e-type=\"widget\" data-widget_type=\"image.default\">\n\t\t\t\t<div class=\"elementor-widget-container\">\n\t\t\t\t\t\t\t\t\t\t\t\t\t\t\t<img fetchpriority=\"high\" decoding=\"async\" width=\"800\" height=\"1008\" src=\"https:\/\/minieradoro.ch\/wp-content\/uploads\/2024\/08\/chi-siamo-813x1024.jpg\" class=\"attachment-large size-large wp-image-204\" alt=\"\" srcset=\"https:\/\/minieradoro.ch\/wp-content\/uploads\/2024\/08\/chi-siamo-813x1024.jpg 813w, https:\/\/minieradoro.ch\/wp-content\/uploads\/2024\/08\/chi-siamo-238x300.jpg 238w, https:\/\/minieradoro.ch\/wp-content\/uploads\/2024\/08\/chi-siamo-768x967.jpg 768w, https:\/\/minieradoro.ch\/wp-content\/uploads\/2024\/08\/chi-siamo.jpg 1200w\" sizes=\"(max-width: 800px) 100vw, 800px\" \/>\t\t\t\t\t\t\t\t\t\t\t\t\t\t\t<\/div>\n\t\t\t\t<\/div>\n\t\t\t\t<\/div>\n\t\t\t\t<\/div>\n\t\t<div class=\"elementor-element elementor-element-59bff017 e-con-full e-flex wpr-particle-no wpr-jarallax-no wpr-parallax-no wpr-sticky-section-no wpr-equal-height-no e-con e-parent\" data-id=\"59bff017\" data-element_type=\"container\" data-e-type=\"container\" data-settings=\"{&quot;background_background&quot;:&quot;classic&quot;}\">\n\t\t<div class=\"elementor-element elementor-element-4468a1e4 e-con-full e-flex wpr-particle-no wpr-jarallax-no wpr-parallax-no wpr-sticky-section-no wpr-equal-height-no e-con e-child\" data-id=\"4468a1e4\" data-element_type=\"container\" data-e-type=\"container\">\n\t\t\t\t<div class=\"elementor-element elementor-element-3edbd7aa elementor-widget-tablet__width-initial elementor-widget elementor-widget-text-editor\" data-id=\"3edbd7aa\" data-element_type=\"widget\" data-e-type=\"widget\" data-widget_type=\"text-editor.default\">\n\t\t\t\t<div class=\"elementor-widget-container\">\n\t\t\t\t\t\t\t\t\t<div id=\"\\&quot;bgLayers_comp-lbuumtrp1\\&quot;\" class=\"\\&quot;MW5IWV\\&quot;\" data-hook=\"\\&quot;bgLayers\\&quot;\" data-motion-part=\"\\&quot;BG_LAYER\\&quot;\"><h2 id=\"\\&quot;bgMedia_comp-lbuumtrp1\\&quot;\" class=\"\\&quot;VgO9Yg\\&quot;\" data-motion-part=\"\\&quot;BG_MEDIA\\&quot;\">Association Committee <br \/>Sessa Gold Mine<\/h2><\/div><div id=\"\\&quot;comp-je35w67x\\&quot;\" class=\"\\&quot;HcOXKn\" data-testid=\"\\&quot;richTextElement\\&quot;\"><p class=\"\\&quot;font_8\"><span class=\"\\&quot;wixui-rich-text__text\\&quot;\"><span class=\"\\&quot;color_11\"><strong>Chairman: <\/strong><br \/>Enzo Cabra<\/span><br class=\"\\&quot;wixui-rich-text__text\\&quot;\" \/><\/span><\/p><p class=\"\\&quot;font_8\"><span class=\"\\&quot;wixui-rich-text__text\\&quot;\"><span class=\"\\&quot;color_11\"><strong>Vice President: <\/strong><br \/>Giuliano Zanetti<br class=\"\\&quot;wixui-rich-text__text\\&quot;\" \/><\/span><\/span><\/p><p class=\"\\&quot;font_8\"><span class=\"\\&quot;wixui-rich-text__text\\&quot;\"><span class=\"\\&quot;color_11\"><strong>Secretary: <\/strong><br \/><\/span><span class=\"wixui-rich-text__text\"><span class=\"color_11 wixui-rich-text__text\">Mattia Marchesi<\/span><\/span><br class=\"\\&quot;wixui-rich-text__text\\&quot;\" \/><\/span><\/p><p class=\"\\&quot;font_8\"><span class=\"\\&quot;wixui-rich-text__text\\&quot;\"><span class=\"\\&quot;color_11\"><strong>Cashier: <\/strong><br \/>Monica Talleri<\/span><\/span><\/p><p class=\"\\&quot;font_8\"><strong><span class=\"\\&quot;wixui-rich-text__text\\&quot;\"><span class=\"\\&quot;color_11\">Members:<br \/><\/span><\/span><\/strong>Maurizio Bellini<br \/>Martino Molinari<br \/>Licia Poretti<br \/>Mauro Poretti<br \/>Daniel Ryser<\/p><\/div>\t\t\t\t\t\t\t\t<\/div>\n\t\t\t\t<\/div>\n\t\t\t\t<\/div>\n\t\t<div class=\"elementor-element elementor-element-4c01854f e-con-full e-flex wpr-particle-no wpr-jarallax-no wpr-parallax-no wpr-sticky-section-no wpr-equal-height-no e-con e-child\" data-id=\"4c01854f\" data-element_type=\"container\" data-e-type=\"container\" data-settings=\"{&quot;background_background&quot;:&quot;classic&quot;}\">\n\t\t\t\t<div class=\"elementor-element elementor-element-1e84c247 elementor-widget elementor-widget-image\" data-id=\"1e84c247\" data-element_type=\"widget\" data-e-type=\"widget\" data-widget_type=\"image.default\">\n\t\t\t\t<div class=\"elementor-widget-container\">\n\t\t\t\t\t\t\t\t\t\t\t\t\t\t\t<img decoding=\"async\" width=\"800\" height=\"386\" src=\"https:\/\/minieradoro.ch\/wp-content\/uploads\/2024\/08\/comitato2.webp\" class=\"attachment-large size-large wp-image-271\" alt=\"\" srcset=\"https:\/\/minieradoro.ch\/wp-content\/uploads\/2024\/08\/comitato2.webp 954w, https:\/\/minieradoro.ch\/wp-content\/uploads\/2024\/08\/comitato2-300x145.webp 300w, https:\/\/minieradoro.ch\/wp-content\/uploads\/2024\/08\/comitato2-768x370.webp 768w\" sizes=\"(max-width: 800px) 100vw, 800px\" \/>\t\t\t\t\t\t\t\t\t\t\t\t\t\t\t<\/div>\n\t\t\t\t<\/div>\n\t\t\t\t<div class=\"elementor-element elementor-element-59c6904c elementor-widget elementor-widget-image\" data-id=\"59c6904c\" data-element_type=\"widget\" data-e-type=\"widget\" data-widget_type=\"image.default\">\n\t\t\t\t<div class=\"elementor-widget-container\">\n\t\t\t\t\t\t\t\t\t\t\t\t\t\t\t<img decoding=\"async\" width=\"780\" height=\"460\" src=\"https:\/\/minieradoro.ch\/wp-content\/uploads\/2024\/08\/comitato1.webp\" class=\"attachment-large size-large wp-image-272\" alt=\"\" srcset=\"https:\/\/minieradoro.ch\/wp-content\/uploads\/2024\/08\/comitato1.webp 780w, https:\/\/minieradoro.ch\/wp-content\/uploads\/2024\/08\/comitato1-300x177.webp 300w, https:\/\/minieradoro.ch\/wp-content\/uploads\/2024\/08\/comitato1-768x453.webp 768w\" sizes=\"(max-width: 780px) 100vw, 780px\" \/>\t\t\t\t\t\t\t\t\t\t\t\t\t\t\t<\/div>\n\t\t\t\t<\/div>\n\t\t\t\t<\/div>\n\t\t\t\t<\/div>\n\t\t\t\t<\/div>\n\t\t","protected":false},"excerpt":{"rendered":"<p>Chi siamo Miniera d&#8217;oro La Costa Nel 2016 l\u2019Associazione Acqua Fregia ha dato avvio ai \u00a0lavori per il recupero della Miniera d&#8217;oro di La Costa con il sostegno dei Comuni di Sessa e Monteggio, la collaborazione della \u00a0Fondazione Malcantone e di altre associazioni attive nel Comune (Piccolo Museo di Sessa). Un grande numero di volontari si \u00e8 prodigato per mettere in sicurezza dapprima il tratto iniziale crollato e l\u2019ostruzione dell\u2019accesso ai pozzi inferiori, per non dimenticare l\u2019allacciamento alla linea elettrica. \u200bIl 5 maggio 2017 \u00e8 nata l&#8217;Associazione Minera d&#8217;oro di Sessa poich\u00e9 la specificit\u00e0 e la complessit\u00e0 della sfida richiedevano la costituzione di una nuova entit\u00e0 ufficiale, che potesse far progredire il progetto in modo professionale, cos\u00ec da completare le attivit\u00e0 necessarie all\u2019apertura e al coordinamento della gestione.\u00a0La miniera \u00e8 aperta al pubblico dal 29 aprile 2018 e un \u00a0gruppo consistente di guide locali volontarie, formato ad hoc dall\u2019associazione, si occupa della gestione delle visite. Nel corso di questi anni il comitato dell\u2019associazione si \u00e8 attivato per rendere sempre pi\u00f9 attrattiva la visita dei vari cunicoli e, con enormi sforzi, grazie al lavori di parecchi volontari, ha permesso l\u2019apertura di altri due cunicoli. Comitato dell&#8217;Associazione Miniera d&#8217;Oro Sessa Presidente: Enzo Cabra Vice Presidente: Giuliano Zanetti Segretario: Mattia Marchesi Cassiera: Monica Talleri Membri:Maurizio BelliniMartino MolinariLicia PorettiMauro PorettiDaniele Ryser Visualizza statuti dell&#8217; associazione<\/p>\n","protected":false},"author":5,"featured_media":0,"parent":0,"menu_order":0,"comment_status":"closed","ping_status":"closed","template":"","meta":{"footnotes":""},"class_list":["post-251","page","type-page","status-publish","hentry"],"_links":{"self":[{"href":"https:\/\/minieradoro.ch\/en\/wp-json\/wp\/v2\/pages\/251","targetHints":{"allow":["GET"]}}],"collection":[{"href":"https:\/\/minieradoro.ch\/en\/wp-json\/wp\/v2\/pages"}],"about":[{"href":"https:\/\/minieradoro.ch\/en\/wp-json\/wp\/v2\/types\/page"}],"author":[{"embeddable":true,"href":"https:\/\/minieradoro.ch\/en\/wp-json\/wp\/v2\/users\/5"}],"replies":[{"embeddable":true,"href":"https:\/\/minieradoro.ch\/en\/wp-json\/wp\/v2\/comments?post=251"}],"version-history":[{"count":9,"href":"https:\/\/minieradoro.ch\/en\/wp-json\/wp\/v2\/pages\/251\/revisions"}],"predecessor-version":[{"id":5171,"href":"https:\/\/minieradoro.ch\/en\/wp-json\/wp\/v2\/pages\/251\/revisions\/5171"}],"wp:attachment":[{"href":"https:\/\/minieradoro.ch\/en\/wp-json\/wp\/v2\/media?parent=251"}],"curies":[{"name":"wp","href":"https:\/\/api.w.org\/{rel}","templated":true}]}}

<p>Chi siamo Miniera d&#8217;oro La Costa Nel 2016 l’Associazione Acqua Fregia ha dato avvio ai  lavori per il recupero della Miniera d&#8217;oro di La Costa con il sostegno dei Comuni di Sessa e Monteggio, la collaborazione della  Fondazione Malcantone e di altre associazioni attive nel Comune (Piccolo Museo di Sessa). Un grande numero di volontari si è prodigato per mettere in sicurezza dapprima il tratto iniziale crollato e l’ostruzione dell’accesso ai pozzi inferiori, per non dimenticare l’allacciamento alla linea elettrica. ​Il 5 maggio 2017 è nata l&#8217;Associazione Minera d&#8217;oro di Sessa poiché la specificità e la complessità della sfida richiedevano la costituzione di una nuova entità ufficiale, che potesse far progredire il progetto in modo professionale, così da completare le attività necessarie all’apertura e al coordinamento della gestione. La miniera è aperta al pubblico dal 29 aprile 2018 e un  gruppo consistente di guide locali volontarie, formato ad hoc dall’associazione, si occupa della gestione delle visite. Nel corso di questi anni il comitato dell’associazione si è attivato per rendere sempre più attrattiva la visita dei vari cunicoli e, con enormi sforzi, grazie al lavori di parecchi volontari, ha permesso l’apertura di altri due cunicoli. Comitato dell&#8217;Associazione Miniera d&#8217;Oro Sessa Presidente: Enzo Cabra Vice Presidente: Giuliano Zanetti Segretario: Mattia Marchesi Cassiera: Monica Talleri Membri:Maurizio BelliniMartino MolinariLicia PorettiMauro PorettiDaniele Ryser Visualizza statuti dell&#8217; associazione</p>
